 9 = 0, -3*l + 11 = 3*t - 4*t. Suppose 3*v = -v - 4*q - 16, -3*q = -t*v - 16. List the prime factors of (6 + 0)*v/(-6).
2
Let q be (-8)/(-4) + 2 + 1. Suppose 6*b - q*u = 2*b + 24, -b + 6 = -3*u. What are the prime factors of b?
2, 3
Suppose -2*f = -5*f - 5*a + 443, 0 = 5*f - 2*a - 728. List the prime factors of f.
2, 73
Suppose -i - 2*i = -171. List the prime factors of i.
3, 19
Suppose -6*a = -3*a - 9. Let h = a + 2. Let p(o) = o**3 - 6*o**2 + 6*o. What are the prime factors of p(h)?
5
Let p(w) = -5*w - 3. Let b be p(-3). Suppose 3*o = o - b. List the prime factors of (21/o)/(2/(-4)).
7
Suppose -5*b + 283 + 417 = 0. List the prime factors of b.
2, 5, 7
Let a(x) = x**2 + x + 44. List the prime factors of a(0).
2, 11
Suppose 24 = -4*i - 0*i. Let k be 4 - (2 + i - -2). What are the prime factors of 0 - 22/(k/(-3))?
11
Let d(y) = y**2 + 11*y + 7. Let h be d(-10). List the prime factors of (-489)/(-15) + h/5.
2
Suppose -1 = 2*v - 5. Suppose 0*z = v*z - 4. Suppose -4 = -z*h + 6. List the prime factors of h.
5
Let d(a) = 9*a**2 + 18. List the prime factors of d(-5).
3
Let d = 97 + -50. What are the prime factors of d?
47
Let r(q) = -3*q - 2. Let o be r(-2). Suppose -o*m = -3*a - 17, 0 = 6*m - 3*m + 3*a + 3. What are the prime factors of (2 + -1 - -1)*m?
2
Suppose 4*u - 50 = -x, -u + 4*x = -3*u + 18. What are the prime factors of u?
13
Let n(l) = -2*l + 25. List the prime factors of n(0).
5
Suppose -4*z - 22 = -194. What are the prime factors of z?
43
Let i(h) = h**2 - 3*h - 8. Let w be i(4). List the prime factors of 6/1 + w + 6.
2
Let k = -64 + 104. List the prime factors of k.
2, 5
Let r(b) = b + 64. List the prime factors of r(-20).
2, 11
Suppose 0 = 6*v - v - 285. Let q be (0/(-3))/(5 + -6). Suppose q = -4*x - 3*a + v + 29, 0 = -2*x + a + 38. What are the prime factors of x?
2, 5
Let f be (-2)/9 + 76/18. Let k = f - 0. What are the prime factors of k?
2
List the prime factors of 2*2/4*(40 - 5).
5, 7
Suppose -6*q = -3*q. Suppose -n = 5*d - 2, -26 = -2*n + d - q*d. List the prime factors of n.
2, 3
Let v(g) = 38*g - 2. Let y be v(3). Suppose 3*a = -a - y. What are the prime factors of (-2 + a)/(-2) - 1?
2, 7
Let r be 4*-1 - (-4)/2. Let f(y) = -y**3 + 2*y + 1. Let d be f(r). Suppose -d*x + 23 + 0 = v, 5*v + 5 = 5*x. What are the prime factors of x?
2
Suppose 0 = -5*n + 25, -3*b - n + 61 = -2*n. What are the prime factors of b?
2, 11
Suppose -z - 4*d - 168 = -4*z, 3*z - 183 = -d. What are the prime factors of z?
2, 3, 5
List the prime factors of 17/51 - 131/(-3).
2, 11
Suppose b + 0*b + 223 = 2*t, 0 = 5*t + 4*b - 538. List the prime factors of t.
2, 5, 11
What are the prime factors of (10 - 16)*(-69)/3?
2, 3, 23
Let k = 27 + -60. What are the prime factors of 3/9 + k/(-9)?
2
Let s = 20 + 27. List the prime factors of s.
47
Let y(t) = 40*t - 13. What are the prime factors of y(3)?
107
Let n be 41/6 + 1/6. Let v(o) = 3*o - n*o + o. List the prime factors of v(-3).
3
Let p = -10 - -8. List the prime factors of 2 + 4/p - -17.
17
Let l(d) = -d**3 - 2*d**2 + 6*d - 1. Let r be l(-3). List the prime factors of (-276)/r + 6/15.
2, 7
Suppose w = -5*x - 5, 2*w + 3 = w - 3*x. Suppose -3*n = 3*a - 4*n - 1, 4*a - n = w. What are the prime factors of a*18/(-2 - 0)?
3
Let n(z) = 41 - 3*z - 25 + 5 + 34. What are the prime factors of n(0)?
5, 11
Let t be ((-3 - -1) + -31)*1. Let p = t + 49. What are the prime factors of p?
2
Let x(k) = -3*k - 3. Let g = -14 + 3. Let t = 5 + g. List the prime factors of x(t).
3, 5
Let a(v) = -3*v**2 + 9*v + 5. Let y(g) = g**2 - 4*g - 2. Let s(h) = -3*a(h) - 7*y(h). What are the prime factors of s(3)?
2, 5
Suppose b - 124 = -4*f - 0*f, 596 = 4*b - 4*f. What are the prime factors of b?
2, 3
Let x = 11 + -8. Suppose 5*i - x*a = -2, 2*a = 3*i + 4*a - 14. Suppose i*f + 2*f = 16. What are the prime factors of f?
2
Let m = 1 - 7. Let k(w) = -14*w**2 + 15*w + 26. Let i(q) = 5*q**2 - 5*q - 9. Let f(s) = 17*i(s) + 6*k(s). What are the prime factors of f(m)?
3
Let t = 57 - 84. Let h = -17 - t. What are the prime factors of h?
2, 5
Let c = -1 - -3. Suppose 0 = c*d - 123 + 51. List the prime factors of d.
2, 3
Suppose 4*i = 5*i + v - 4, 3*i - 5*v = 12. Let d(y) = 5*y - 5 - i*y - 6*y + y. List the prime factors of d(-4).
11
Suppose -4*g + 190 + 934 = 0. What are the prime factors of g?
281
Suppose i - 219 = -2*i. List the prime factors of i.
73
Let r = 0 - -7. Suppose -8*d + 3 = -r*d. Suppose 0 = -l + d*s + 29, -26 - 26 = -2*l + 4*s. List the prime factors of l.
2, 5
Let s(k) = -k**2 - 2*k + 4. Let n be s(-3). Suppose 0 = 2*x - 4 - 8. Let j = n + x. What are the prime factors of j?
7
Suppose 4*i = 3*h - 4, -4*h = 2*i + 20 + 4. Let t(l) = -l**3 - 3*l**2 - 3. What are the prime factors of t(i)?
13
Let t(v) = 100*v**2 - 6*v + 4. Let d(o) = -50*o**2 + 3*o - 2. Let y(r) = -5*d(r) - 2*t(r). What are the prime factors of y(1)?
7
What are the prime factors of (6/(4 + -2))/((-1)/(-24))?
2, 3
Suppose 3*f + 233 = 4*s - 8*s, -5*f = s + 377. Let j = f + 108. What are the prime factors of j?
3, 11
Suppose 1 = -m, -2*s - 3*m + 204 = -259. List the prime factors of s.
233
What are the prime factors of (6 + 11)/((-3)/(-54))?
2, 3, 17
List the prime factors of (-14 - -86)*(-6)/(-2).
2, 3
Suppose -6*r = 10*r - 6192. List the prime factors of r.
3, 43
Let u(i) = i**3 + 6*i**2 + 5*i + 6. Let l be u(-5). List the prime factors of (4/l)/((-2)/(-33)).
11
Let r = -19 + 35. Suppose -2*d + 0*d - r = 0. Let x = -5 - d. List the prime factors of x.
3
Let i(a) = -a. Let n be i(3). Let p be (n/(-5))/((-1)/(-5)). List the prime factors of p/(9/24 - 0).
2
Suppose -b = -6*b - 2*p + 29, -p - 13 = -3*b. Suppose 4*a + 2 = 102. Suppose 3*z + 2*h = a, h + 51 + 8 = b*z. List the prime factors of z.
11
Let n(z) = 4*z - 1. Suppose 0*y + 3*y + 6 = 0, y = -5*o + 23. What are the prime factors of n(o)?
19
Suppose 0 = 7*h - 2*h - 30. Let o(q) = -7 - q**2 + 1 - 4*q + 12*q. List the prime factors of o(h).
2, 3
Suppose -5*n + 13 = -2. Suppose 2*w = n*w - 21. What are the prime factors of -2 - w/3*-2?
2, 3
Let w = -19 + 61. What are the prime factors of w?
2, 3, 7
Suppose 2*w - 3 = 2*d + 3*d, 24 = w + 2*d. Suppose 2*l + 0*l + w = 5*u, 2*u + 5*l + 6 = 0. Suppose 3*x - 7 = u*x. What are the prime factors of x?
7
Let o = -5 + 7. Suppose 4*j - 37 = 15. Suppose 3*x - 32 = l, x - 2*l + j = o*x. List the prime factors of x.
11
Let b(t) = -t**3 - 5*t**2 - 6*t. Let h be b(-4). Let p(d) be the third derivative of d**4/12 - 11*d**3/6 + d**2. List the prime factors of p(h).
5
Suppose 132 = 4*w - 0*w. Suppose 3 = -i + w. Suppose 2*t - 28 = -4*d + 5*t, -d + i = 5*t. List the prime factors of d.
2, 5
Let z(q) = -q**3 - 7*q**2 + 6*q + 4. What are the prime factors of z(-8)?
2, 5
Suppose 0 = 5*f - 2*t - 32, 3*f = f - 5*t + 36. What are the prime factors of f?
2
Suppose -6 + 4 = z. Let a be 17/(-5) - 2/(-5). What are the prime factors of (a/z)/((-3)/(-18))?
3
Let x(b) = -b - 7. Let d be x(-10). List the prime factors of 4*(46/8 - d).
11
Suppose 0 = 10*l - 6*l - 236. List the prime factors of l.
59
Suppose 0 = 4*m - 7 - 1. Let p(w) = -w**2 + 5*w - 3. What are the prime factors of p(m)?
3
Suppose -2*z + 4 = -2*s, -2*z + 5*s - 19 = -8. Let b be ((-26)/(-14) - 1)*z. What are the prime factors of (-60)/(-8)*b/5?
3
Let j(k) = -k**3 + 7*k**2 - 8*k + 3. What are the prime factors of j(5)?
13
Suppose -5 = -4*z + 7. Suppose 2*p - 7 = -n + z*p, -p = -5*n + 35. Suppose -1 = b - n. List the prime factors of b.
2, 3
Suppose -3*y + 124 = -y. What are the prime factors of y?
2, 31
Suppose 0 = -3*p + 7*p. List the prime factors of (p + -2 - 3)/(-1).
5
Suppose 258 = -0*t + 2*t. Suppose 5*k = t - 29. Let z = k + -12. What are the prime factors of z?
2
Let g = 226 - 69. Suppose -53 = -5*o + g. Suppose -o - 50 = -4*w. List the prime factors of w.
23
Suppose 41 = -4*w + 213. List the prime factors of w/4 + 9/(-12).
2, 5
Suppose 11 - 38 = -i - 2*o, -i - 4*o + 37 = 0. What are the prime factors of i?
17
Let j = 16 - -51. What are the prime factors of j?
67
Let i(h) = -2*h - 1. Suppose 4 + 20 = -4*j. List the prime factors of i(j).
11
List the prime factors of (-10)/(-35) - ((-3622)/14)/1.
7, 37
Let o(h) = -2*h + 7. Let w be o(-6). Let t = -2 + w. What are the prime factors of t?
17
What are the prime factors of (2 + 43)*3/5?
3
Suppos